culate n(j).
0
Let q be (-32)/8 + (-12 - -8). Let n(a) = a**2 + 7*a. Give n(q).
8
Let u = -143/42 + 82/21. Let c(l) be the first derivative of 4*l - 12 + u*l**2. What is c(3)?
7
Let q(r) = 3*r - 9. Let t = 8 + -13. Let f(z) = -7*z - 26. Let o be f(t). Suppose -3*h - l = -4*h + o, -l = 3. Calculate q(h).
9
Let j(o) = -o**2 - 7*o + 14. Let n = 2511 + -2520. What is j(n)?
-4
Suppose -2*w = -5*w - 9. Let a(f) = -2*f**3 - 3*f**2 + 3. Let v(z) = -z**3 - z**2 + z. Let d(u) = a(u) - 3*v(u). Determine d(w).
-15
Let o(y) = -6*y**3 + 3*y**2 + 3*y. Let j be o(-1). Let a(q) = -7*q**3 + 15*q + 7. Let r(t) = 6*t**3 - 13*t - 6. Let m(x) = j*r(x) + 5*a(x). Determine m(2).
1
Suppose -3*d + 0*o = 4*o - 126, -5*d - 3*o + 199 = 0. Let b(p) = d*p - 44*p - p**2 + 6 - 2. Give b(-3).
13
Let t(j) be the first derivative of j**4/4 + 2*j**3/3 - j**2/2 - 2*j - 2098. Give t(4).
90
Suppose -5*q + 4*r + 19 = 0, 0 = -5*q - 3*r - 1 + 13. Let o(g) = -3*g**2 - 3*g**2 + 3*g**2 + g**2 - 3 + q*g**2 - 2*g. Calculate o(0).
-3
Let s(q) = -2*q**3 - q**2 + q + 1. Let n(i) = 9*i + 26. Let p(v) = -4*v - 35. Let h be p(-8). Let d be n(h). Calculate s(d).
1
Let x be (-18)/(-4)*10 + (-1)/(-1). Let z = -43 + x. Suppose -5*l = z*l - 32. Let k(n) = n - 3. Calculate k(l).
1
Let h(x) be the second derivative of -x**4/6 - x**3/6 - x**2/2 - 2*x. Let w(z) = z**3 - z**2 - 101*z + 195. Let t be w(2). Calculate h(t).
-16
Suppose 19*f - 14*f = -4*q, 37 = 5*q - 3*f. Suppose a - 3*a + 30 = 0. Suppose o = -2*y - q, 3*y - 3 + a = -3*o. Let m(u) = -u**3 - u - 1. Determine m(y).
1
Let r(l) be the first derivative of -l**3/3 + 2*l - 2. Let s = -64 - -64. Suppose s = 355*m - 351*m - 16. Give r(m).
-14
Suppose 0 = 2357*b - 2345*b. Suppose -4*g + 15 = -5. Let p(u) = b*u + 18*u - u - g*u. Calculate p(1).
12
Suppose -5*d + 86 = 3*v + v, -5*v + 62 = 3*d. Suppose -17*l + d*l + 207 = 0. Let k(w) = -l - 75 + 3*w + 142 - w. Determine k(-4).
-10
Suppose 1350*i - 1351*i = 1. Let a(u) = 4*u**3. Give a(i).
-4
Let k(n) = 1 - 4*n**2 + 2*n + 5*n**2 + n**2 - 12*n**2. Let y(v) = -49 + 3*v - 18*v + 11*v. Let c be y(-12). Determine k(c).
-11
Let v(s) = 308*s + 4 + 15 - 592*s + 296*s - 6*s**2. Let r(c) = -7*c**2 + 12*c + 19. Let f(b) = -5*r(b) + 6*v(b). Calculate f(14).
-9
Let c = -29 - -36. Suppose 0 = -4*b + 4, b + 4 + c = 4*a. Let d(s) = 2*s**2 + 3*s - 2. Let x(r) = 3*r**2 + 7*r - 3. Let o(z) = 5*d(z) - 3*x(z). Calculate o(a).
-10
Let t(d) be the first derivative of -d**3/3 + 3*d**2/2 - 16*d + 1840. Determine t(0).
-16
Let u(a) = a**3 - 25*a**2 + 136*a + 16. Let v be u(17). Let k(s) = 7*s - 110. Determine k(v).
2
Let p be 2/9 - (-1220)/180. Let z(b) = 5*b**3 + b**2 + 15*b + 14. Let a(k) = 3*k**3 + 8*k + 7. Let q(v) = p*a(v) - 4*z(v). Calculate q(5).
-2
Let g(a) = -a**3 - 10*a**2 - 7*a + 59. Let k(y) = -2*y**3 + 8*y**2 + 191*y - 599. Let b be k(3). Calculate g(b).
-13
Suppose 5*q + 5 = 0, -5*q = 2*o - 6*o + 205. Suppose 0 = -9*t - 13 - o. Let u(m) be the third derivative of m**4/24 + 4*m**3/3 - 20*m**2. Calculate u(t).
1
Let i(b) = b**2 - 31*b + 39. Let v be -8 + 20/(-2) + 48. Determine i(v).
9
Let q(c) = -5*c**3 + 2*c**2 + 2. Suppose 239 = 16*f - 209. Suppose 0 = 4*p - 5*g - 13, -f*p = -26*p + 4*g. Calculate q(p).
-30
Let x(c) = -6*c**2 + 5*c + 4. Let i(p) = -5*p**2 + 4*p + 3. Let s(n) = -4*i(n) + 3*x(n). Suppose -10 + 34 = 6*f. Suppose f = 4*d - 0. Give s(d).
1
Let j be ((-130)/169)/((-12)/156). Let n(z) = z**3 - 10*z**2 - 3. Calculate n(j).
-3
Let k(s) = -24*s**2 - 61 - 262*s + 15*s**3 + 109*s - 14*s**3 + 132*s. Give k(25).
39
Suppose 2*v + 2*l + 58 = 22, 5*l + 14 = -v. Let n(c) = c**3 + 18*c**2 - 18*c + 8. What is n(v)?
-11
Let c(p) = p**3 - 5*p**2 + 23*p - 172. Let z be c(6). Let y(o) = 31*o - 10. What is y(z)?
52
Suppose 2*l = -5*q - 8 + 60, -q + 14 = 4*l. Let o(n) = 5*n**2 - 4*n - 3 - 2 + q - 2. Determine o(2).
15
Let a(s) be the second derivative of 23*s**3/3 - 47*s**2 - 28*s - 3. Let b(j) = -8*j + 19. Let k(y) = -2*a(y) - 11*b(y). What is k(-6)?
3
Suppose -106 = -13*n - 119. Let w(f) = -79*f**3 - 4*f - 4. What is w(n)?
79
Let y(v) = 3*v**2 + 6*v - 3. Let u(b) = -2*b**2 - 4*b + 2. Let f(o) = -7*u(o) - 5*y(o). Let q be (-45 - -45) + (-2 - -3). Calculate f(q).
-2
Let y(x) be the second derivative of x**5/120 + 3*x**4/8 - x**3/3 - 11*x**2 - 5*x + 2. Let h(n) be the second derivative of y(n). Calculate h(-8).
1
Let v = -311 + 335. Suppose 63 = v*k - 3*k. Let p(m) = -3*m + 4. Calculate p(k).
-5
Suppose -5*o + 35 = -5*b, 0*o + o + 2*b = -5. Let w(c) = -c**3 - 2*c + 4*c**2 + 10 - 19 + 8. What is w(o)?
2
Let w(d) = 33*d**3 + 5*d**2 - 6*d + 14. Let f(k) = -4*k**3 + k - 1. Let y(c) = 8*f(c) + w(c). Let q(p) = -p**3 + 7*p**2 - 8*p + 8. Let h be q(6). Give y(h).
14
Let k(b) be the first derivative of 4*b - 203 + 14/3*b**3 - 7*b**2 - 1/2*b**4. What is k(6)?
-8
Let v(m) = -6*m + 4. Let q(u) = -11*u + 7. Let y(p) = 2*q(p) - 5*v(p). Let k be y(1). Let w(f) = 9 + 0 - 16*f + 20*f + f**k - 6. Calculate w(-3).
0
Let a(t) = 3*t**2 - 35*t + 27. Let h(o) = -2*o**2 + 23*o - 18. Let u(y) = -5*a(y) - 8*h(y). Let k = 178 - 177. Let i be 15/(-6)*(-24)/10*k. Calculate u(i).
-9
Let i(q) = 2*q + 2. Let a(m) = -21*m - 22. Let t(d) = -3*a(d) - 30*i(d). Suppose -2*v - 4 - 8 = 0. Let w be (24/30)/(v/45). Calculate t(w).
-12
Let x(n) = 8*n + 32. Suppose -40*a - 3 - 261 = -7*a. Calculate x(a).
-32
Suppose -599*x = -642*x + 2021. Let o(a) = -2*a**2 + 92*a + 101. Give o(x).
7
Let q(k) = -2*k**2 + 69*k + 119. Let z be q(36). Let v be z/(-44) + ((-2)/(-8))/1. Let f(t) = 2*t**3 - 17 - 3*t**3 + t + 2*t**3. Determine f(v).
-17
Let j(u) = -u - 453 + 3*u + 456. Suppose -17*r + 487 - 385 = 0. Determine j(r).
15
Suppose 0 = 5*r - 17 - 3. Suppose -26 + 10 = -r*n. Suppose 2*h = 5*m - 6 - 0, 6 = -m + n*h. Let z(k) = -k**2 - 3*k + 1. Determine z(m).
-9
Let x(j) = 53 - 14 + 2*j - 80. Determine x(15).
-11
Let s be (-2)/6 + -1 + (-64)/(-12). Let z(k) = k**3 - 2*k**2 - 2*k - 2. Give z(s).
22
Let b be (-52)/(-16) + 6/8. Let t(z) = 11*z**3 + z**2 + 163*z - 4. Let w(p) = -2*p**3 - p**2 - 32*p. Let k(o) = t(o) + 5*w(o). What is k(b)?
8
Let n(a) = 8*a + 2 - 25 - 9 + 7*a. Let p(k) = -10*k + 21. Let o(z) = -5*n(z) - 8*p(z). Determine o(7).
27
Let j(k) = -k + 11. Let t be ((-33)/(-15) - 2) + 5578/10. Let i = 565 - t. What is j(i)?
4
Let n(s) be the third derivative of s**4/24 + s**3/2 - 2*s**2 - 3. Suppose -3*r = 7*r - 200. Suppose r = -5*f + 5. Calculate n(f).
0
Let a(n) = 23*n + 107. Let k be 13/(-3) - 202/303. Determine a(k).
-8
Suppose 0 = 4*a + d + 89, 3*a + 47 + 31 = -3*d. Let b(g) = g + 33. What is b(a)?
12
Let y(b) be the third derivative of -1/24*b**4 - 24 - b**3 + 3*b**2 + 0*b. Determine y(-7).
1
Let a(f) = -f**3 - 2*f**2 + 3*f - 1. Let h be 3*(201/(-335))/(18/(-20)). Give a(h).
-11
Let g = 8889 + -8900. Let d(o) = 6*o - 9. Calculate d(g).
-75
Suppose 12 - 1 = o. Let n(d) be the second derivative of d**5/20 - d**4 + 3*d**3/2 + 15*d**2/2 + 22*d + 1. What is n(o)?
-7
Let p(o) = -17*o - 42. Let g(a) = 45*a + 117. Let l(t) = 3*g(t) + 8*p(t). Give l(-10).
25
Let z(a) = -4*a + 16. Let f = 9709 + -9713. Give z(f).
32
Let n(t) be the first derivative of -3*t**2 - 14*t + 2579. Determine n(11).
-80
Let m(n) be the third derivative of -n**7/2520 - 7*n**6/720 + n**5/20 + 37*n**4/24 - 41*n**2 + 2*n. Let k(x) be the second derivative of m(x). Give k(-7).
6
Let v be (-1)/(-7)*0*(-2)/(-4). Suppose -4*q + 62 - 50 = v. Let g(c) = 11*c**q - 4*c**3 - 3*c**2 - 8*c**3 - 2*c. What is g(-3)?
6
Let k(q) = 47 + 28*q - 100 + 41 + 2*q**2. Determine k(-14).
-12
Let b(s) = -4*s**3 + 24*s**2 - 2*s + 22. Let i be (((-54)/(-45) - 10) + 9)*(-2 - -32). Determine b(i).
10
Let a(k) be the third derivative of -k**4/12 - 4*k**3/3 + 4*k**2 + 17*k. Let u be 161/(-23) - (-1 - 0). What is a(u)?
4
Let a = -76 + 85. Suppose 4 - a = -g. Let v(m) = 5 - 1 - g - 9*m. Determine v(-1).
8
Let b(s) = 527 - 5*s - 1526 + 508 + 513. Determine b(4).
2
Let r(i) be the first derivative of i**5/20 - 5*i**4/12 - i**3 - 5*i**2/2 + 41*i - 9. Let k(s) be the first derivative of r(s). Determine k(6).
-5
Suppose 0 = m - 2*u + 4, -6 = m - 3*u - u. Let s(b) be the second derivative of b**4/2 - b**2/2 + 18334*b. Calculate s(m).
23
Suppose 38*w = 62 + 52. Let d(s) = s**3 - w*s**3 + 0*s**2 + s**2 - s**3 - 3*s**3. Give d(-1).
7
Let g be (-4